. Suppose -8 = -3*b + v. Let c = -6 - -19. What is the remainder when c is divided by b?
5
Let v(q) = q**3 + 5*q**2 - 3*q + 7. Let a be 1*(-8 + 2 + 1). Let d(z) = 6*z**2 - 21*z - 3. Calculate the remainder when d(5) is divided by v(a).
20
Let y = 91 - 54. Let i = 2 + 0. Suppose s = -i*n + 5*n - 54, 5*n - 107 = -4*s. What is the remainder when y is divided by n?
18
Suppose 0*v + 125 = 5*v + 5*b, 5*v - 5*b = 105. Suppose 3*y = 4*d - 44, -2*d + y + 12 = 2*y. What is the remainder when v is divided by d?
7
Suppose t - 8 = -3*t. Suppose 0 = a - t*a + 2. Calculate the remainder when 11 is divided by ((-4)/(-5))/(a/15).
5
Suppose -4*t = -t - 4*y - 53, 0 = t - 4*y - 7. Let q = t + -12. Calculate the remainder when 20 is divided by q.
9
Suppose -82 = -7*s + 86. Suppose 0 = -2*y - 4*t - 9 - 11, 0 = -2*y + 2*t - 50. Let g = y + 33. What is the remainder when s is divided by g?
11
Suppose u - 46 = -3. Suppose 2*o - 8 - 14 = 0. Calculate the remainder when u is divided by o.
10
Let n(m) = 0*m - 15 + 4*m + m. Let z be n(10). Suppose 0 = 5*p - 10*p + z. Calculate the remainder when 12 is divided by p.
5
Suppose 2*h - 2 = r + 23, -3*r - 63 = -5*h. What is the remainder when 47 is divided by h?
11
Let x(g) be the third derivative of -g**6/120 - 7*g**5/60 - 11*g**4/24 - 5*g**3/3 - g**2. Calculate the remainder when x(-7) is divided by 17.
16
Let y = 198 + -174. Let l(j) = 14*j**3 - j**2. Calculate the remainder when y is divided by l(1).
11
Let h be (-6)/12*(1 - -5). Let k = h - -5. Let r = k + 23. Calculate the remainder when r is divided by 7.
4
Suppose 0 = -4*s - 4, -3*s - 4 + 5 = t. What is the remainder when (-1242)/(-45) + t/10 is divided by 10?
8
Let o(k) = 3*k + 4. Let j be o(14). What is the remainder when 0/(-7) + 1 + j is divided by 12?
11
Let q(x) = -x**3 + 5*x**2 + 3. What is the remainder when q(3) is divided by 6?
3
Suppose -7*m + 2*m = -375. Suppose 15 - m = -3*n. Let b(p) = -p**3 + 3*p**2 + 3*p - 3. Calculate the remainder when n is divided by b(2).
6
Let o be 8 - (9/3 - 1). Suppose 65 = o*r - r. What is the remainder when 24 is divided by r?
11
Let b = -6 + 9. Suppose 13 = b*o - 2. What is the remainder when o is divided by 3?
2
Suppose -2*j + 5*j = 126. Calculate the remainder when j is divided by 15.
12
Suppose -2 = 3*j - 5*o + 17, o = 3*j - 1. Let a be 1/(-3*j/(-18)). What is the remainder when (12 + 0/a)*1 is divided by 7?
5
Suppose i - 5*p = 12, -92 + 2 = -4*i - p. Let f(y) = y**3 - 14*y**2 - 15*y - 9. Let v be f(15). Calculate the remainder when i is divided by (-4)/(-18) - 52/v.
4
Let g = -61 - -102. Calculate the remainder when g is divided by 16.
9
Let g = -25 - -55. Let m be (-19)/(-7) + 18/63. Suppose -4*b = 2*h - 22, h + 5*b - 44 = -m*h. Calculate the remainder when g is divided by h.
8
Let r(j) = 10*j - 31. Calculate the remainder when 235 is divided by r(9).
58
What is the remainder when 44 is divided by (3/(-2))/(14/(-84))?
8
Suppose -4*i + 3*k + 385 = -2*k, 0 = 2*i + 2*k - 170. Suppose 173 = 9*o - 34. What is the remainder when i is divided by o?
21
Let q(d) = -d**3 - 7*d**2 - 9*d - 9. What is the remainder when 17 is divided by q(-6)?
8
Suppose 4*m + 9 - 53 = 0. Suppose -265 = -5*x - 60. Calculate the remainder when x is divided by m.
8
Suppose v = 3*x - 56, -2*v - 9 = -4*x + 67. What is the remainder when 51 is divided by x?
15
What is the remainder when (-94)/(-5)*(-60)/(-24) is divided by 17?
13
Suppose 4*y + 3*n = 52, 94 = 4*y + n + 34. Let k = y - 11. What is the remainder when k is divided by 2?
1
Suppose 2*p - 16 = g, 5*p - 18 = 2*g - 5*g. What is the remainder when 23 is divided by p?
5
Let b = 37 - 23. Calculate the remainder when 81 is divided by b.
11
Let f(r) be the second derivative of r**5/20 + r**4/2 - 2*r**3/3 + r**2 + 2*r. Calculate the remainder when f(-5) is divided by 16.
15
Let f be -1*(-2 + (3 - 2)). Suppose 4*r - 15 = -c, 4*c + r = -4*r + 38. What is the remainder when f/((9/57)/3) is divided by c?
5
Let l(u) = u**2 - 7*u + 5. Let f be l(5). Let p(s) = -5*s - 13. What is the remainder when 45 is divided by p(f)?
9
Let a(r) = 12*r - 8. What is the remainder when 83 is divided by a(3)?
27
Let g(x) = 35*x**2 + 8*x - 2. Calculate the remainder when g(-2) is divided by 31.
29
Let h(c) = -c**2 - 3*c - 3. Let p be (-4 + (2 - 1))*1. Let w be h(p). Let r = w - -14. What is the remainder when 20 is divided by r?
9
Suppose -80 + 12 = -4*z. Calculate the remainder when 47 is divided by z.
13
Let z(n) be the third derivative of n**5/30 + 3*n**4/8 - 7*n**3/6 - n**2. Calculate the remainder when z(-7) is divided by 10.
8
Let q = 18 + -11. Let u = 38 + -11. Calculate the remainder when u is divided by q.
6
Suppose -5*q + 1 = 31. Let h(s) = s**2 - s - 5. What is the remainder when h(q) is divided by 20?
17
Let c(h) = h + 3. Let f be c(-6). Let v(a) = -a**3 - a**2 + a - 1. What is the remainder when 53 is divided by v(f)?
11
Let v = 75 - 59. Calculate the remainder when 60 is divided by v.
12
Suppose 0 = -4*h - 4 + 40. Let l = 96 + -63. What is the remainder when l is divided by h?
6
Let j(a) = -a**3 - 6*a**2 + 4*a + 3. What is the remainder when 69 is divided by j(-7)?
21
Suppose -3*u = -7*u + 44. Let j(g) = 22*g**2 - 1. Let y(c) = -c**2 - 13*c - 11. Let z be y(-12). What is the remainder when j(z) is divided by u?
10
Suppose 3*w - w = -y + 51, 0 = 2*w + 5*y - 31. Calculate the remainder when 72 is divided by w.
16
What is the remainder when 61 is divided by -4 + (-3 - -26) + -3?
13
Let o(g) = g**3 + 6*g**2 - 2*g + 1. Suppose 5*d - 7 = -5*p - 57, 5*p - 4*d + 14 = 0. What is the remainder when o(p) is divided by 5?
3
Let i(u) be the second derivative of u**4/6 - u**3/3 - u**2 - u. Calculate the remainder when -8*(-21)/6*1 is divided by i(3).
8
Suppose 2*w + 2 = -w - 5*v, -3*w + v + 22 = 0. What is the remainder when 53 is divided by w?
5
What is the remainder when ((-28)/(-20) + -1)*105 is divided by 15?
12
Let i be 6/15 - 3392/(-20). Suppose -5*u = 5*v - v - i, 75 = 3*u - 3*v. What is the remainder when 57 is divided by u?
27
Let s(w) = w + 13. Calculate the remainder when 3 is divided by s(-10).
0
Let i = -4 + 13. Let a = -63 - -88. What is the remainder when a is divided by i?
7
Suppose 0 = -5*d + 95 - 0. Calculate the remainder when d is divided by 13.
6
Calculate the remainder when (-1385)/(-25) + (-6)/15 is divided by 14.
13
Let h(l) = -2*l**2 - 19*l - 7. Let m be h(-9). Let p(o) = 4*o**3 - o**2 + o - 1. Calculate the remainder when 57 is divided by p(m).
28
Let h(x) = -x**2 - 12*x + 8. Let z be h(-12). Suppose -2*b + z - 2 = 0. Calculate the remainder when b is divided by 2.
1
Suppose 0*n - n + 3 = 0. Let a(i) = -i + 2. Let q be a(n). What is the remainder when 1*(2 + 11) - q is divided by 8?
6
Let c be 2 - 2*(-10)/4. Suppose 2*k - 2*d = -58, 0*k + 3*k + 107 = -2*d. Calculate the remainder when 4/14 - k/c is divided by 4.
1
Let o(p) = -p + 14. Let k(d) = -d**3 + 7*d**2 + 11*d - 5. Calculate the remainder when k(8) is divided by o(9).
4
Suppose 23 = 5*b + 2*k, 4 = -3*b + 3*k + 1. Suppose -b*y + 21 = -6. Calculate the remainder when (5 - -1)*5/2 is divided by y.
6
Suppose 4*i + 40 = -5*j, 0*j - 3 = -i + 2*j. What is the remainder when (-2)/i - (-216)/10 is divided by 2/5*1 - 58/(-5)?
10
Suppose -3*m - 2*d + 31 = -d, 4*m - 42 = -2*d. Calculate the remainder when 18 is divided by m.
8
Suppose 5 = 2*l + 1, 22 = 5*s - 4*l. Let y = -75 - -108. Suppose -3*j - s + y = 0. Calculate the remainder when 34 is divided by j.
7
Suppose 0 = 4*g, 2*v + g = -0*v + 294. Calculate the remainder when v is divided by 38.
33
Let d(t) = t + 14. Let b(u) = u**2 + u - 6. Let l be b(0). Calculate the remainder when d(l) is divided by 3.
2
Let u = -12 + 17. Let o = 29 + -20. Calculate the remainder when o is divided by u.
4
Suppose 65 = 5*s - 5*q, -2*s + 3*q = 5*q - 6. Suppose -5*o = -2*p + s, p + 4*o = 2 + 2. What is the remainder when 11 is divided by p?
3
Let k = 19 + -11. Suppose -5*n + 3*c = -22, 2*n - 2*c - k = -0. Let v = 38 - n. What is the remainder when v is divided by 9?
6
Let h(v) = 1 + 0 + 2*v**2 - 3*v**2. Let n be h(2). Calculate the remainder when 19 - (9/n - -2) is divided by 11.
9
Let i(z) = 2*z - 12. What is the remainder when 35 is divided by i(12)?
11
Let o(b) = -2*b + 3. What is the remainder when o(-9) is divided by 